(m) = 14*m - 14. What is i(-4)?
-70
Let y(x) = x**3 - 9*x**2 + 23*x - 17. Calculate y(6).
13
Let o(n) = n**3 - 9*n + 1. What is o(-3)?
1
Let w(n) = n**3 - 3*n**2 - n - 2. Determine w(3).
-5
Let g(w) = w - 6. Give g(-1).
-7
Let x(n) = n**3 + 9*n**2 + 10*n + 7. What is x(-8)?
-9
Let m(l) = 3*l**2 + 12*l - 1. Determine m(-5).
14
Let v(s) = -s**3 + 8*s**2 - 11*s + 55. Determine v(8).
-33
Let x(g) = 12*g. Calculate x(-1).
-12
Let m(a) = -a**2 + 4*a + 58. Give m(9).
13
Let n(d) = -d**3 + 2*d + 3. Calculate n(-2).
7
Let d(l) = -3*l + 27. Calculate d(17).
-24
Let c(z) = -z**2 + 10*z - 12. Give c(7).
9
Let x(r) = 2*r**2 + 7*r - 1. Give x(-4).
3
Let h(d) = -6*d - 4. Determine h(-4).
20
Let l(m) = m**3 + 22*m**2 - 2*m - 37. Calculate l(-22).
7
Let n(l) = l**3 - 5*l**2 + 5*l - 2. Calculate n(4).
2
Let n(i) = -i**2 - 45*i - 405. Calculate n(-33).
-9
Let z(g) = 28*g - 138. Determine z(6).
30
Let j(a) = -10*a - 13. Determine j(-6).
47
Let z(u) = u**3 + 11*u**2 - 28. What is z(-11)?
-28
Let g(c) = -c - 14. Give g(-17).
3
Let p(h) = h**3 + 16*h**2 + 14*h + 23. Determine p(-15).
38
Let j(y) = y**2 + 13*y + 20. What is j(-12)?
8
Let y(l) = l**3 - 6*l**2 + 7*l - 10. Determine y(5).
0
Let s(m) = 2*m**2 + 2*m - 1. Give s(-2).
3
Let y(l) = l**3 + 2*l**2 - 6*l - 4. Give y(-3).
5
Let m(b) = -5*b**2 - 5*b - 2. Determine m(-3).
-32
Let r(j) = -j**3 - 10*j**2 + 11*j + 15. Calculate r(-11).
15
Let j(o) = -o**3 - 15*o**2 - 26*o - 2. What is j(-13)?
-2
Let p(y) = -y**2 - y - 7. Give p(0).
-7
Let a(c) = -17*c**3 - c**2 + 1. Calculate a(-1).
17
Let r(i) = 13*i - 27. Give r(-8).
-131
Let g(p) = -6*p - 24. Give g(-5).
6
Let g(x) = -x**3 + 15*x**2 + x - 6. Determine g(15).
9
Let u(q) = q - 4. Give u(6).
2
Let w(l) = -5*l + 18. Determine w(8).
-22
Let b(i) = 24*i + 670. What is b(-28)?
-2
Let t(u) = -u**2 - 3*u - 2. What is t(-6)?
-20
Let u(y) = 4*y**2 - 2*y + 5. Determine u(4).
61
Let a(s) = 2*s**2 - 53*s + 24. Calculate a(26).
-2
Let o(i) = 2*i**2 - 13*i + 18. What is o(5)?
3
Let u(k) = -k**2 - 54*k - 330. Determine u(-47).
-1
Let g(t) = t**2 + 4*t + 9. What is g(-5)?
14
Let p(l) = -7*l - 69. Determine p(-5).
-34
Let x(h) = 13*h + 21. Give x(5).
86
Let i(k) = 27*k**3 - k**2 - k - 1. What is i(-1)?
-28
Let u(r) = -r**2 + 3*r + 13. What is u(5)?
3
Let z(w) = -49*w - 373. Give z(-7).
-30
Let g(u) = -u**2 + 9*u - 11. Calculate g(9).
-11
Let g(n) = -2*n**2 + 5*n - 13. Determine g(6).
-55
Let w(u) = -u**3 + 7*u**2 + 4*u + 7. Give w(6).
67
Let m(o) = 2*o + 31. Calculate m(-18).
-5
Let y(s) = -s**2 + 15*s + 39. Determine y(17).
5
Let a(c) = 3*c**2 + 3*c - 3. Calculate a(4).
57
Let i(x) = -16*x + 154. Give i(10).
-6
Let z(t) = -t**3 - 5*t**2 + 7*t - 5. Calculate z(-6).
-11
Let z(l) = -l**2 + 7*l + 1. What is z(10)?
-29
Let m(l) = -l**3 + 10*l**2 - 6*l + 3. Give m(9).
30
Let b(o) = -o**3 + o**2 + 9*o + 2. Give b(2).
16
Let o(n) = n**3 + 33*n**2 - 107*n + 11. Calculate o(-36).
-25
Let i(m) = 3*m + 7. Determine i(10).
37
Let t(v) = v**2 - 11*v - 68. Give t(-5).
12
Let n(x) = -x**3 - 18*x**2 + 13*x - 110. Calculate n(-19).
4
Let w(j) = -j**3 - 6*j**2 + 2*j - 5. What is w(-6)?
-17
Let j(g) = g**3 + 21*g**2 - 160*g - 6. Determine j(6).
6
Let t(v) = v**2 - 9*v - 13. Calculate t(10).
-3
Let w(k) = k**2 + 37*k + 163. Determine w(-5).
3
Let c(x) = x**2 + 2*x - 3. Give c(2).
5
Let g(v) = 10*v - 2. Calculate g(-3).
-32
Let h(f) = -7*f + 35. Give h(5).
0
Let w(r) = 6*r + 2. What is w(6)?
38
Let x(z) = z**3 + 2*z**2 - 12*z - 7. Determine x(-4).
9
Let z(x) = 3*x**2 - 5*x + 8. Determine z(6).
86
Let w(y) = 6*y**3 + y**2 + 3*y + 3. Give w(-1).
-5
Let k(s) = 4*s**3 + 2*s**2 - 4*s + 2. What is k(1)?
4
Let n(a) = -a**3 - 9*a**2 + 9*a - 10. Determine n(-10).
0
Let q(i) = i + 16. Calculate q(-9).
7
Let i(g) = -g**2 - 60*g + 65. Determine i(-61).
4
Let l(v) = -v**3 + 59*v**2 - 56*v - 124. What is l(58)?
-8
Let o(a) = a**2 + 15*a - 6. Calculate o(-15).
-6
Let a(x) = x**2 - 2*x - 2. Give a(0).
-2
Let x(f) = -2*f**2 - 5*f - 4. Give x(-3).
-7
Let p(s) = -s**3 + 5*s**2 + 3*s - 9. Give p(6).
-27
Let z(l) = -6*l**2 - 3*l - 1. What is z(3)?
-64
Let j(a) = -9*a + 1. Determine j(6).
-53
Let y(t) = t**2 + 19*t + 31. Give y(-8).
-57
Let a(p) = p**2 - 11*p + 24. Give a(8).
0
Let o(z) = -z**3 + 5*z**2 + 12*z + 1. Calculate o(-2).
5
Let h(z) = z**3 - 2*z**2 - 4*z - 3. Give h(5).
52
Let k(a) = -a**3 + 15*a**2 - 28*a + 30. What is k(13)?
4
Let p(d) = d**2 - 6*d - 9. Determine p(8).
7
Let a(f) = -f**3 + 15*f**2 - 17*f + 2. What is a(14)?
-40
Let y(u) = -18*u + 40. Give y(-1).
58
Let l(a) = -a**2 + 16*a + 342. Calculate l(28).
6
Let q(u) = -9*u**2 + 16*u - 15. Give q(1).
-8
Let h(o) = -38*o - 374. Determine h(-9).
-32
Let k(b) = 4*b**2 + 9*b - 3. Calculate k(-3).
6
Let z(q) = q**3 + 2*q**2 - 6*q - 5. Calculate z(-4).
-13
Let n(t) = -13*t**3 - 3*t**2 - 3*t - 5. What is n(-2)?
93
Let w(m) = 6*m**2 - 14. Calculate w(4).
82
Let n(v) = -v**3 + 12*v**2 - 32*v + 3. Give n(8).
3
Let j(n) = n**2 - 24*n + 29. Give j(22).
-15
Let b(w) = -w**3 - 7*w**2 - 7*w + 7. Give b(-7).
56
Let r(j) = -j**3 - 3*j**2 + 3*j - 5. Calculate r(-4).
-1
Let v(w) = -4*w**3 - 3*w**2 + w. Give v(-3).
78
Let f(x) = x**3 + x - 39. Calculate f(0).
-39
Let a(o) = -o**3 + 9*o**2 - 12*o - 8. What is a(6)?
28
Let u(v) = v**3 - 8*v**2 - 9*v - 3. Calculate u(9).
-3
Let p(h) = -2*h - 6. Give p(-4).
2
Let n(t) = -t**3 - 16*t**2 + 2*t + 32. Calculate n(-16).
0
Let s(o) = -8*o**2 + 30*o. Give s(4).
-8
Let r(n) = 4*n**2 + n. Calculate r(-1).
3
Let n(p) = -3*p + 2. Determine n(6).
-16
Let p(q) = q**3 + 8*q**2 + 2*q - 8. What is p(-8)?
-24
Let c(l) = 9*l - 3. Give c(3).
24
Let a(c) = 3*c - 27. Calculate a(15).
18
Let n(v) = -v**2 - v - 1. Calculate n(-1).
-1
Let l(x) = x**2 + x + 6. Give l(-5).
26
Let h(j) = j**3 + 10*j**2 - 7*j + 71. Calculate h(-11).
27
Let c(a) = -a + 5. What is c(11)?
-6
Let f(m) = -m**3 - 10*m**2 - 6*m - 3. Give f(-9).
-30
Let m(k) = 6*k - 14. Give m(3).
4
Let k(s) = -s**3 - 4*s**2 - 3*s - 5. Determine k(-5).
35
Let s(q) = -q - 6. Calculate s(4).
-10
Let o(j) = 44*j + 10. Give o(0).
10
Let c(j) = -j**3 + 10*j**2 - 13*j - 6. Give c(8).
18
Let o(f) = f - 12. Determine o(14).
2
Let x(p) = -p**2 + 19*p + 19. Give x(20).
-1
Let g(l) = -4*l - 23. Give g(-11).
21
Let y(f) = 20*f + 2. Calculate y(2).
42
Let g(j) = 3*j**2 + 2*j - 13. Calculate g(-5).
52
Let k(s) = -2*s**3 + 9*s**2 + 5*s - 10. What is k(5)?
-10
Let o(d) = d**3 + 18*d**2 + 48*d + 11. Determine o(-15).
-34
Let s(f) = 8*f**3 + 2*f**2 + 3*f + 2. Determine s(-1).
-7
Let j(a) = a. Give j(4).
4
Let m(o) = 2*o**2 - 74*o - 71. Determine m(38).
5
Let o(w) = 2*w + 18. What is o(-14)?
-10
Let i(x) = 3*x**2 + 139*x + 312. Determine i(-44).
4
Let n(m) = -m**3 + 29*m**2 - 78*m - 3. Give n(26).
-3
Let s(m) = 88*m**3 - m**2 + 5*m - 3. What is s(1)?
89
Let w(c) = c**3 - 5*c**2 + 13*c - 15. Give w(3).
6
Let k(d) = -13*d - 10. Give k(-1).
3
Let s(y) = -y**3 - 2*y**2 - y + 1. Calculate s(-3).
13
Let r(j) = -2*j - 39. Give r(16).
-71
Let b(r) = -r**3 + r - 1. Calculate b(2).
-7
Let z(b) = -b + 34. Calculate z(-28).
62
Let i(a) = -a**3 - 15*a**2 + 13*a - 66. What is i(-16)?
-18
Let i(z) = -8*z - 30. Give i(-5).
10
Let x(v) = -2*v**2 - 4*v + 17. Give x(-4).
1
Let t(y) = 2*y**3 - 3*y**2 - 4*y. Give t(4).
64
Let z(c) = 3*c**3 + 13*c**2 + c - 7. Give z(-5).
-62
Let d(h) = 10*h + 6. What is d(-1)?
-4
Let n(c) = -2*c - 8. Give n(9).
-26
Let s(k) = k**3 + 7*k**2 + 2*k + 9. What is s(-7)?
-5
Let a(g) = g**3 + 3*g**2 - 3*g - 1. Determine a(-4).
-5
Let z(i) = -i**3 + 11*i - 5. Give z(0).
-5
Let j(a) = -a**2 + 21*a - 55. Calculate j(18).
-1
Let z(t) = 11*t + 10. Calculate z(5).
65
Let p(f) = -19*f**2 - 9*f + 9. Give p(1).
-19
Let x(p) = p**3 - 23*p**2 + 40*p + 42. Give x(21).
0
Let s(l) = -l**3 - 9*l**2 + 13*l + 22. Give s(-10).
-8
Let n(w) = 9*w + 5. What is n(-2)?
-13
Let j(h) = 38*h - 4. Determine j(0).
-4
Let g(f) = -f**3 - 3*f**2 + 13*f + 4. What is g(-5)?
-11
Let u(a) = -a - 5. Determine u(9).
-14
Let w(l) = -6*l + 3. Give w(7).
-39
Let y(l) = -2*l**2 + 5*l + 4. Calculate y(-1).
-3
Let k(x) = 43*x**2 - 3*x - 2. Calculate k(-1).
44
Let x(n) = n**2 - 7*n + 10. Determine x(2).
0
Let k(t) = -t - 9. What is k(1)?
-10
Let f(x) = -x**3 - x - 1. Give f(-1).
1
Let n(x) = 12*x - 17. Give n(6).
55
Let c(d) = 94*d - 467. What is c(5)